-6). Let f(l) = -l**3 - 4*l**2 + 4*l + 238. Let j be f(0). What is the greatest common factor of w and j?
34
Suppose -3*h + 286 = -524. Let y(v) = -v**3 + 7*v**2 - v. Let x be y(6). Calculate the greatest common divisor of h and x.
30
Suppose 6 + 3 = -3*l. Let j be (3/(-9))/(l/54). Let t(k) = -k**3 + k**2 - 2*k + 54. Let x be t(0). Calculate the highest common factor of j and x.
6
Let b be 1 + -2 - -179 - 3. What is the greatest common divisor of b and 14?
7
Let w be 0/(-1) + 3 + 4. Suppose -w*s = -4*s + 3. Let z be (24/(-30))/(s/15). What is the greatest common factor of 24 and z?
12
Let b = -1025 + 1075. Let q = 255 + -105. What is the highest common factor of q and b?
50
Suppose 14*s - 196 = 7*s. Let y be 3514/49 - (-8)/s. Calculate the highest common divisor of 8 and y.
8
Let l = 63 - 17. Let p = -28 + l. Let t = -2547 - -2709. What is the greatest common divisor of t and p?
18
Let w = 57 + -11. Let b = -26 + w. Calculate the highest common factor of 80 and b.
20
Let u be 7/(21/(-12)) + 158. Let q be (-3 + (-22)/(-10))/(6/(-105)). What is the highest common factor of u and q?
14
Let y be (3560/15)/(52/(-12) - -5). What is the highest common factor of y and 89?
89
Suppose -3*d = -0*x - 2*x + 154, 0 = -3*d + 12. Suppose 0 = 4*k - x - 157. What is the greatest common factor of k and 12?
12
Let p(u) = -u + 4. Let s be ((-6)/(-12))/(4/(-56)). Let w be p(s). What is the highest common divisor of 22 and w?
11
Suppose -14*b = -2*b - 2304. Calculate the highest common factor of 144 and b.
48
Let t be 1838/8 + 1 - 2/(-8). Let o(i) = i**3 + 9*i**2 - 13*i - 9. Let d = -21 - -11. Let f be o(d). What is the highest common factor of f and t?
21
Let h(l) = l**2 - 2*l + 7. Let z be h(0). Suppose -5*c = -4*w + 43, -2*c + 33 = 2*w + z. What is the greatest common divisor of w and 156?
12
Let s = -4 - -6. Suppose -2 = r - 2*r. Suppose 0 = -5*c - 2*z + 100, 7*c - r*c = -z + 100. Calculate the highest common factor of c and s.
2
Let k(o) be the second derivative of 1/6*o**4 + 0 - 6*o**2 + 8/3*o**3 - 4*o. Let m be k(-9). Calculate the highest common factor of 66 and m.
6
Suppose -8 = -4*s + 60. Let g be 1226/9 - (-8)/(-36). What is the highest common divisor of s and g?
17
Let s be 1 + 61 + 1*24/(-4). Suppose -5*z + 3*z + o + 13 = 0, -5*z + 34 = -2*o. Calculate the highest common divisor of z and s.
8
Let u(m) = 12*m**2 - 1. Let x be u(1). Let s(z) = 10*z**3 - z**2 + z - 1. Let l be s(2). Calculate the highest common factor of l and x.
11
Suppose 4*l - l - 9 = 0, -2*k + l = -537. Let m(g) = 14*g**2 - 3*g - 9. Let b be m(-3). Let i = k - b. What is the greatest common divisor of 18 and i?
18
Suppose 2*m = 4*m - 30. Calculate the greatest common factor of m and 165.
15
Let w = -1 - -35. Let q = w + -35. Let x(s) = -48*s + 2. Let y be x(q). Calculate the highest common divisor of y and 10.
10
Let a(h) = -3*h - 28. Let i be a(0). Let b = 57 + i. Calculate the greatest common factor of 87 and b.
29
Let h(c) = 34*c**2 - 18*c + 16. Let n be h(1). Calculate the highest common divisor of 912 and n.
16
Let d = -612 + 645. Calculate the highest common factor of d and 891.
33
Suppose 0 = 6*z - 12*z + 492. Suppose 0 = 5*c - x - z, 3*c - 5*x - 19 = c. What is the highest common divisor of 153 and c?
17
Let k = 62 - 50. Calculate the highest common divisor of k and 27.
3
Let l be (274/3 - 0)/((-2)/6). Let i be ((-2)/(-4))/(1/836). Let b = i + l. Calculate the greatest common factor of 16 and b.
16
Suppose 2*p = s - 314, 5*s + 2*p - 1339 = 291. What is the highest common factor of 6 and s?
6
Let z be -4 + (4 - 1) + 5. Suppose -z*a - 4 + 36 = 0. What is the greatest common divisor of a and 56?
8
Let f = -13 + 17. Let d = -18 - -24. Let t be (-2*3)/(d/(-8)). Calculate the highest common divisor of t and f.
4
Suppose 2*x + 5*d - 587 = 0, x - 4*d + 870 = 4*x. Calculate the greatest common factor of x and 22.
22
Let f(x) = 27*x**2 + 1. Let b be f(1). Suppose -z + 11 - 1 = 4*d, -43 = -3*z + d. What is the greatest common factor of b and z?
14
Let u(j) = -j**3 + 8*j**2 + 6*j - 4. Let i be u(6). What is the greatest common factor of i and 26?
26
Let i = 84 + -9. Let u = -8 - -8. Suppose q - 3*b + u*b = 15, -3*b = 3*q - 105. What is the greatest common divisor of i and q?
15
Let r = 1953 + -210. What is the highest common factor of r and 21?
21
Suppose -5*d = 20 - 65. Suppose g + 3*n - 23 = d, 5*n + 20 = 2*g. Let i be (-8)/10*(-850)/g. What is the highest common divisor of i and 51?
17
Let g = 121 - 86. Let l = -25 + g. Suppose -5*b = -0*i - 2*i - 15, 5*i - 25 = 0. Calculate the greatest common factor of b and l.
5
Let m(s) = -s**3 + 2*s**2 - 4. Let g be m(3). Let z(q) = -q**2 - 12*q + 24. Let j be z(g). What is the highest common factor of j and 99?
11
Let f = 9 + -6. Let c be -2*(-2 + 0)/(16/12). Suppose f*g - 163 = -g - 5*b, 5*b = c*g - 131. Calculate the greatest common factor of 28 and g.
14
Suppose -2*h = -4*u + 148, 3*h = 4*u + 6*h - 128. Let j = u - 15. Calculate the highest common factor of 12 and j.
4
Let p = -36 - -64. Let j = p + -26. Calculate the highest common divisor of j and 16.
2
Suppose -3*o + 2*i = -49, -4*o + 9*i + 77 = 4*i. Suppose 36 = -12*p + o*p. What is the highest common divisor of 24 and p?
12
Suppose 5*s = 5*u + 80, 2*s = s - 3*u + 8. Calculate the greatest common divisor of s and 105.
7
Suppose -4*f + 345 = 85. Let p(m) = 5*m - 12. Let t be p(3). Suppose 0*a + 34 = 2*a - 4*j, -2*j = -t*a + 43. What is the greatest common divisor of f and a?
13
Let x = 856 + -814. Calculate the greatest common divisor of 224 and x.
14
Suppose 4*n - 5*t = -0*t + 124, 0 = -2*t + 8. What is the highest common factor of 54 and n?
18
Suppose 3*c - h = 1135, c - 4*h = -2*c + 1120. What is the highest common factor of 60 and c?
20
Suppose 4*p - 2*u = 3*u + 13, 4*p = -2*u + 6. Suppose 4*k - p*s = -0*k + 36, 0 = 4*s. Calculate the greatest common factor of k and 261.
9
Let l(s) = -s**3 - 43*s**2 - s - 1. Let y be l(-43). Let v(r) = 10*r + 2. Let n be v(4). Calculate the greatest common factor of y and n.
42
Let l = 151 - 46. Suppose -3*m - l = -2*y, 5*y - m = -2*m + 271. What is the greatest common divisor of 135 and y?
27
Suppose 4*c = 3*t - 1193, -3*c = -22*t + 21*t + 396. Calculate the greatest common factor of 19 and t.
19
Let c = 1163 + -1155. Calculate the greatest common divisor of c and 116.
4
Suppose c - 240 = -7*c. Let g be (-394)/(-11) - c/(-165). Calculate the greatest common divisor of 12 and g.
12
Let h = -24 + 42. Suppose -5*z + h = w, 3*z - 29 = -2*w - 0*w. What is the greatest common factor of w and 130?
13
Let p = 482 - 327. What is the greatest common divisor of p and 5?
5
Suppose -4*b + 14 = 3*h - 7, -b = -2*h + 14. What is the greatest common divisor of h and 161?
7
Let s(g) = 7*g + 11 + g - 9*g. Let c be s(9). What is the greatest common divisor of c and 1?
1
Let x be 2 + 2 + 336/4. Suppose 0 = -0*v + 3*v + 15, -3*c = 5*v + 16. Suppose c*g - 4*g = -22. Calculate the greatest common divisor of g and x.
22
Suppose 8 + 34 = 2*v. Let n(b) be the third derivative of -b**4/24 + 11*b**3/6 - b**2. Let q be n(8). Calculate the highest common divisor of q and v.
3
Suppose i - 127 = -24*n + 23*n, n = 4*i - 503. Suppose -39 = -2*l - 2*b + b, l - 4*b = 6. What is the highest common divisor of i and l?
18
Let c = 732 - 715. Calculate the greatest common divisor of 221 and c.
17
Suppose -b = -4, 6*b - b - 33 = -c. Suppose -15*j + 16*j = 10. Let g = j - -3. Calculate the greatest common divisor of g and c.
13
Let j(m) = m**3 - 4*m**2 - 5*m + 10. Let p be j(4). Let o be (p + -1)/(2 + -3). Calculate the highest common factor of o and 88.
11
Suppose 0 = -2*t - 0*t - 3*b + 735, 5*t + 3*b = 1824. Let v(o) = 15*o - 72. Let p be v(7). Calculate the highest common divisor of t and p.
33
Let x(i) = -2*i - 14. Let z be x(-7). Let m be -1 - (z - 1) - -14. Calculate the greatest common factor of 2 and m.
2
Let o(g) = -g**3 - 15*g**2 - 13*g + 37. Let u be o(-14). Calculate the highest common factor of u and 529.
23
Let b = 391 - 287. What is the greatest common divisor of b and 91?
13
Suppose 3*m = -4*s + 270, 0 = -2*m - m + 3*s + 270. What is the highest common divisor of m and 40?
10
Let j = -337 - -382. What is the greatest common divisor of 135 and j?
45
Let w(g) = -3*g**3 + 25*g**